(-6)) is divided by m(-6).
3
Let t = -36 - -51. Suppose -3*m + 139 = 5*r, -2*m + 4*r + 82 = 2*r. What is the remainder when m is divided by t?
13
Let p(d) = -d**2 + 18*d + 13. Let n = -3 + 41. What is the remainder when n is divided by p(18)?
12
Suppose 242 = 3*c + 4*j, 0*c = 2*c - 3*j - 150. Calculate the remainder when c is divided by 20.
18
Let y = -66 + 127. What is the remainder when y is divided by 16?
13
Let i(l) be the third derivative of l**5/60 - l**4/12 + l**3/2 + 3*l**2. Let d = 0 + 2. What is the remainder when 5 is divided by i(d)?
2
Let o = 71 - 10. Let x(t) = 4*t + 5. What is the remainder when o is divided by x(4)?
19
Let y(b) = 4 + 1 - 3 + b. Suppose 2*r = 11 + 13. What is the remainder when r is divided by y(5)?
5
Let m = -2 - -5. Suppose 5*r + 35 = 5*u, 0*u + m*r - 33 = -3*u. Suppose b - 26 = -1. Calculate the remainder when b is divided by u.
7
Suppose 0 = -3*b + 2*b + 13. Calculate the remainder when 24 is divided by b.
11
Let g be -7*(4/2 + -4). Let f = g - 1. Calculate the remainder when f is divided by (-10)/(-2) - 0/(-2).
3
Let d(m) = m + 4. Calculate the remainder when 8 is divided by d(-2).
0
Let u = -26 + 29. What is the remainder when 5 is divided by u?
2
Suppose p - 3*p + 4 = 0. Suppose -5*s - 4*w = -15, 5*s = -p*w - 0*w + 25. Suppose -25 = -3*h - s. What is the remainder when 17 is divided by h?
5
Let u(s) = s**2 - 2*s. Calculate the remainder when 44 is divided by u(5).
14
Suppose -4*h = -3*k + 67, -5*k + 0*h + 5*h + 115 = 0. What is the remainder when 72 is divided by k?
22
Suppose 0 = -0*c - 4*c. Suppose c = -w - w + 22. Calculate the remainder when (-85)/(-4) - 2/8 is divided by w.
10
Let y = 57 + -150. Let x = -65 - y. Calculate the remainder when x is divided by 6.
4
Let h(r) = -r**3 + 9*r**2 + 12*r - 3. Suppose 4*l = -k + 34, l + 31 = 4*l - 2*k. What is the remainder when h(10) is divided by l?
8
Suppose 3*n - 134 = 2*w, 0 = -n - 0*n - 3*w + 30. Let i = n + -28. Let p = 88 + -47. What is the remainder when p is divided by i?
13
Suppose s = 3*l - 4*s - 8, l = -5*s + 16. Calculate the remainder when 28 is divided by l.
4
Let f be 129/9 + 4/(-12). Let v = 26 - f. Calculate the remainder when 23 is divided by v.
11
What is the remainder when 90 is divided by (-2 + 4)*12 - 1?
21
What is the remainder when 97 is divided by (6 + 2)*10/4?
17
Let p(a) = -a**3 + 3*a**2 - 3*a - 6. Let s(r) = 2*r**3 - 3*r**2 + 3*r + 6. Let l(m) = -3*p(m) - 2*s(m). Calculate the remainder when 28 is divided by l(-4).
8
Let o(q) be the first derivative of -q**3/3 + 7*q**2/2 - 3*q + 2. Let i = 1 + 18. Calculate the remainder when i is divided by o(5).
5
Suppose 15*u - 12*u - 99 = 0. Calculate the remainder when u is divided by 7.
5
Suppose 1 = -t + f + f, -f = -t + 1. Suppose 2*l - 39 = 5*s, -2*s + 0*s = l + t. Calculate the remainder when l is divided by 3.
1
Let k = -51 - -91. Let s = 5 - -9. What is the remainder when k is divided by s?
12
Let i = 29 - 19. Let b = -14 + 33. What is the remainder when b is divided by i?
9
Suppose 0 = t + n - 17 - 8, 25 = t - 4*n. What is the remainder when t is divided by (1*14)/((-4)/(-2))?
4
Let r = 272 - 127. Calculate the remainder when r is divided by 37.
34
Let d(q) = 3*q + 4. Calculate the remainder when d(3) is divided by 8.
5
Let o = -8 - -11. Suppose 0 = -4*u + 18 - 2. Calculate the remainder when u is divided by o.
1
Suppose 5*s - 115 = 95. Calculate the remainder when s is divided by 109/5 - (22/(-10) - -2).
20
Suppose -37 = -4*g + 3*g. Calculate the remainder when g is divided by -1 + 4 + -4 - -14.
11
Let y = 18 + -11. What is the remainder when 26 is divided by y?
5
What is the remainder when (-8)/(((-9)/33)/(15/10)) is divided by 16?
12
Suppose -6*i + 144 = -2*i - 4*t, 90 = 3*i + 3*t. Let u = i + -19. What is the remainder when u is divided by -2 - (-9)/((-36)/(-40))?
6
Let i(m) = -m. Let p be i(-6). Calculate the remainder when (-10 - (-2)/1)*-2 is divided by p*(-4)/((-24)/9).
7
Let j be ((-4)/6)/(4/(-42)). What is the remainder when 7 is divided by 2/4*(j + -1)?
1
Let r(h) = -h + 5. Let w be r(6). Let c be (0 - 1) + w - 2. What is the remainder when (-2*3)/(c/2) is divided by 2?
1
Suppose 12*q - 349 = -109. Suppose 2*z - 158 = 4*v, 5*z = v + 2*v + 388. What is the remainder when z is divided by q?
17
Suppose 0*u + 2*m - 97 = -u, -5*m = 2*u - 193. What is the remainder when u is divided by 20?
19
Suppose 109 - 274 = -5*p. Suppose 4*d = 3*z - p, d = 3*z - 8*z + 55. What is the remainder when z is divided by 3?
2
Suppose -3*r = -2*r - y - 27, 4 = 4*y. What is the remainder when 79 is divided by r?
23
Let v(x) = x**3 + x**2 + x - 1. Let o(d) = -2*d**3 - 14*d**2 - 4*d - 7. Let p(i) = -o(i) - 3*v(i). What is the remainder when 41 is divided by p(11)?
20
Let x(k) = 2*k**2 - 3*k - 1. Let f be 21/18 - (-2)/(-12). Suppose -s - f = -12. Calculate the remainder when x(4) is divided by s.
8
Let m(u) = u**2 + 9*u - 14. Calculate the remainder when 42 is divided by m(-12).
20
Suppose 0 = -4*g - 24 + 84. Suppose 0 = -b - 0*b + g. What is the remainder when 44 is divided by b?
14
Suppose 2*u + 3*d + 13 = 0, 3*u + 4*d = 2*d - 27. Let c = u - -17. What is the remainder when c is divided by -2 + (-2 + 2 - -4)?
0
Let n = -7 - -5. Suppose 10 = -10*x + 15*x. What is the remainder when ((-8)/(-6))/(n/(-6)) is divided by x?
0
Let d(g) be the second derivative of -g**5/20 + g**4/2 - g**3/6 - 7*g**2/2 - 3*g. What is the remainder when d(5) is divided by 7?
6
Let p(n) = n**3 + n**2 + n + 2. Suppose 21 = 2*z - 3*i, i - 28 = -4*z + 7. What is the remainder when z is divided by p(0)?
1
Let x(z) be the first derivative of z**3/3 - 3*z**2 + 3*z + 3. Calculate the remainder when 11 is divided by x(6).
2
Let d(t) = t**2 + 7*t - 4. Calculate the remainder when 26 is divided by d(-9).
12
Let m = 96 - 56. Calculate the remainder when m is divided by 11.
7
Suppose 0*k + 18 = 2*k. Calculate the remainder when 34 is divided by k.
7
Let x(o) = -30*o**3 - 2*o**2 - 2*o - 1. What is the remainder when 57 is divided by x(-1)?
28
Suppose -4*g = -2*q + 30, 18 + 12 = 2*q - 3*g. Calculate the remainder when 59 is divided by q.
14
Let w = -8 - -11. Suppose q - w*j - 30 = -0*j, 4*q - 120 = -j. Calculate the remainder when q is divided by 8.
6
Let o(n) = -n**3 + 9*n**2 - 11*n + 10. Suppose k - 2*g - 11 = 0, 0 = 3*k + 2*k + 4*g - 55. Calculate the remainder when o(7) is divided by k.
9
Let t = 152 + -98. Suppose 4*f - 30 = t. What is the remainder when f is divided by 8?
5
Let m = -10 - -26. Let l = m + -4. Calculate the remainder when 45 is divided by l.
9
Suppose 0 = -0*s + 5*s. Suppose -5*h + 22 = 2. Suppose k - h*k + 39 = s. What is the remainder when 37 is divided by k?
11
Suppose -2*z + 6*z + 20 = 0. Let j(r) = r + 6. Let i be j(z). Calculate the remainder when 15 - (-4)/(i + -3) is divided by 7.
6
Calculate the remainder when (-4)/10*1 - 152/(-5) is divided by -5*(-5)/((-50)/(-32)).
14
Suppose v = 6*v - 45. What is the remainder when 17 is divided by v?
8
Let s = 19 - -13. What is the remainder when s is divided by 12?
8
Let f be (-1)/6 - (-370)/(-12). Let r = 45 + f. What is the remainder when r is divided by 4?
2
Suppose 0 = -h + 2*x + 15, 7*x + 69 = 4*h + 2*x. What is the remainder when 60 is divided by h?
18
Let l be (1/1)/(2/6). Let u = 5 + l. What is the remainder when (92/8)/((-2)/(-4)) is divided by u?
7
Let b(w) = -w**3 + 8*w**2 - 8*w + 7. Let j be b(7). What is the remainder when 22 is divided by 9 - (j/2 - -1)?
6
Let d(v) = -v**3 + 8*v**2 - 13*v + 12. What is the remainder when d(5) is divided by 3?
1
Suppose 4*i - i + 18 = 0. Calculate the remainder when (-80)/(-6) + i/(-9) is divided by 4.
2
Let p = -17 - -25. Let g = -7 + 10. Calculate the remainder when p is divided by g.
2
What is the remainder when 50 is divided by (-360)/(-14) - 28/(-98)?
24
Let x(m) = 4*m**2 - 2*m - 3*m**2 + 1 + 8. Calculate the remainder when x(6) is divided by 17.
16
Suppose 0*a + 104 = 2*a + 2*c, -4*a = -5*c - 244. Suppose 16 = -5*q + a. Calculate the remainder when ((-58)/4)/(3/(-6)) is divided by q.
5
Let h(z) = -2*z + 2. Let g = -3 + 7. Suppose -2 = g*l + 6. What is the remainder when 16 is divided by h(l)?
4
Let a = -154 - -349. Suppose 4*h = t + 33 + a, 3*h + 3*t = 171. Calculate the remainder when h is divided by 15.
12
Let f = 7 -